(d) = -2*d**3 + 16*d**2 + 131*d - 18. Let x be k(13). Let t(c) = -c**2 - 2*c + 17. Determine t(x).
2
Let i = 3 + -3. Suppose 4*z + d + 0 - 11 = 0, -z - 1 = 4*d. Let h(c) = -2*c - c**2 + c - 32*c**3 + 31*c**z + 5. Calculate h(i).
5
Let j = -1840 - -1845. Let p(d) be the first derivative of -d**3/3 + 3*d**2 - 6*d - 1. What is p(j)?
-1
Suppose -133 + 151 = 9*u. Let v(z) be the third derivative of 1/8*z**4 + 0 + 1/6*z**3 + 1/30*z**5 + 0*z - 7*z**u. Calculate v(-2).
3
Let l = -1 + -1. Let s(o) = o**2 + o - 2. Let n be s(l). Let d(j) = n - 2 + j - 3. Calculate d(0).
-5
Suppose 5 = 27*h - 32*h. Let z(l) be the first derivative of 2*l**4/3 - 4*l + 5. Let y(r) be the first derivative of z(r). What is y(h)?
8
Let m(f) = f**2 + 2*f + 3. Let y(r) = r**2 + 17*r - 6. Let c(s) = -2*m(s) + y(s). Determine c(12).
0
Let k(r) be the second derivative of -r**4/6 + 5*r**3/3 - r**2/2 + 241*r. What is k(4)?
7
Let v(y) be the third derivative of 0*y + 13*y**2 + 0 - 1/12*y**4 - 1/2*y**3 + 1/60*y**5. Give v(-2).
5
Let y(t) be the third derivative of t**6/120 - t**5/12 + t**4/24 - t**3/6 - 20*t**2 + 2*t. Determine y(4).
-13
Let i = 91 + -102. Let q(y) = 5*y**2 - 1. Let u(t) = -24*t**2 + t + 4. Let j(l) = i*q(l) - 2*u(l). Determine j(2).
-29
Let n be (-8)/(-6) + (-20)/15. Suppose -2*b - o = 1, n = 4*b - 0*b - o - 7. Let k(d) = -8*d - 1. Calculate k(b).
-9
Let f(v) = -v**3 + 12*v**2 + 5*v - 2. Let u(n) = 6*n**3 - 59*n**2 - 27*n + 11. Let l(a) = 11*f(a) + 2*u(a). Calculate l(-14).
-14
Let o(s) = -s. Let m(k) = 5*k + 1. Let t(q) = m(q) + 2*o(q). Let y = 4 - 3. Determine t(y).
4
Let a be (-1045)/(-95) - (-2)/4*-4. Let g(o) = -o**3 + 9*o**2 + 9. Calculate g(a).
9
Let f(z) = -14*z - 15. Let m(t) = 3*t + 3. Let j(l) = 2*f(l) + 11*m(l). Suppose x = 5*w - 3*x + 6, 4*x = -4. Calculate j(w).
-7
Let h = 22 + -12. Suppose 3*o = 4*s - 11, -o = -2*s + h - 3. Let i(d) = -5*d - d + 0 - o. What is i(-2)?
9
Let w(y) = 50 + 59 - 154 + 54 + 2*y. Determine w(9).
27
Let q be (-2 - -12)*12/10. Let k(v) = 0 - 13*v**3 + 1 + q*v**3 + 2*v. What is k(2)?
-3
Let i(n) = -4*n**2 - 8*n - 3. Let b(c) = 5*c**2 + 8*c + 2. Let m(a) = -3*b(a) - 4*i(a). Let d = 2460 - 2466. What is m(d)?
-6
Let v(y) = 2*y**2 + 6*y - 5. Let b(u) = 3 + 8 - 2*u + 3. Let g be b(7). Suppose 2*n = 2*d + 16, -3*d + 4*n - 20 - 7 = g. Calculate v(d).
15
Let j(g) = -g + 2. Let y(r) = r - 3. Let l(s) = 4*j(s) + 5*y(s). Suppose -15 = 4*f - 4*i - 27, -4*f - 5*i + 30 = 0. Give l(f).
-2
Let o(h) be the second derivative of h**6/360 + 7*h**5/120 + h**4/6 - 13*h**3/6 - 10*h. Let y(u) be the second derivative of o(u). Calculate y(-5).
-6
Let m(t) = 1 - 4*t - 2*t**2 - 4 - 2*t + 2*t. Suppose 0 = 2*r + 4*a - 3 - 1, -2*r = -2*a + 8. What is m(r)?
-3
Let j be 141/24 + 1/8. Let z = j + -5. Let w(r) = -5*r + 1. Calculate w(z).
-4
Let d(m) be the third derivative of -5*m**2 + 0*m + 1/6*m**4 + 1/2*m**3 + 1/30*m**5 + 0. Let g(k) be the first derivative of d(k). Give g(3).
16
Let z(t) = -2*t + 21. Suppose 5*i = 2*k - 0*k + 41, 0 = -2*i - 4*k + 26. Let q be z(i). Let u(a) = a**3 - 5*a**2 + 4*a + 1. What is u(q)?
-5
Let t(l) = 47*l + 81. Let y be t(-2). Let a(c) = -5*c - 69. Calculate a(y).
-4
Let x(r) = -r**3 + 6*r**2 - 5*r - 5. Let t = 5 + -5. Suppose -10 = -t*h - 2*h. Calculate x(h).
-5
Suppose 4*d - d - 18 = 0. Let a(x) = 5*x**2 + 5*x - 4 - 11080*x**3 + 11079*x**3 - 5*x + 6*x. Give a(d).
-4
Let t(m) = -m**3 - 19*m**2 - 1. Let u be t(-19). Let p be u/2 - (-1)/(16/72). Let q(d) be the second derivative of -d**3/6 + 3*d**2/2 - 2*d. What is q(p)?
-1
Let d(g) be the third derivative of g**6/120 - 7*g**5/60 + 5*g**4/24 + 7*g**3/6 + 9*g**2 + 18*g. Give d(6).
1
Let m(v) be the first derivative of -1/120*v**5 + v**3 - 1/360*v**6 - 1/12*v**4 + 0*v + 0*v**2 + 5. Let j(c) be the third derivative of m(c). Determine j(2).
-8
Let a(h) = -4*h + 22. Let y be a(5). Let b(q) = -q**3 + 6*q**2 - q - 2. Let s(g) = -g - 1. Let f(w) = y*s(w) - b(w). Calculate f(6).
-6
Let p(s) = s**3 - 8*s**2 + 19*s - 2. Let r(f) = -f**2 - f - 2. Let n(k) = -p(k) - 5*r(k). Calculate n(12).
-12
Let g(r) = -9*r + 1. Let j = -17 + 21. Let n(u) = -9*u + 1. Let o(x) = j*n(x) - 5*g(x). Suppose 2 = 5*y + 7. What is o(y)?
-10
Let d = -7 - 0. Let y(v) be the second derivative of -v**5/20 - 7*v**4/12 + v**3/6 - v**2/2 - 6*v - 13. What is y(d)?
-8
Let s(f) = -45*f - 3644. Let r be s(-81). Let n(y) = -2*y**2 - 11*y**3 - 2*y + 5*y**3 + 1 + 4*y**2. Give n(r).
-5
Let u(s) = -2*s**2 + 20*s - 27. Let l(a) = a**2 - 10*a + 13. Let y(w) = -5*l(w) - 2*u(w). Let o be 1113/147 - 6/(-14). Calculate y(o).
5
Suppose -9*y = -18*y - 45. Let z(c) = c + 9. What is z(y)?
4
Let d(n) = n - 11. Let r be d(6). Let z = -26 + 29. Let p(q) = -16 - 17 - z*q + 36 - q**2. Give p(r).
-7
Let m(f) = f**2 + 3*f + 6. Let j = -568 + 564. Determine m(j).
10
Let f(w) = 3*w**2 - 2*w + 3. Let c(d) = -7*d**2 + 3*d - 6. Let q(a) = -2*c(a) - 5*f(a). Let p be 1/3*3*5. Suppose v - 4*s = 22, -11 = -p*s - 36. Calculate q(v).
1
Let n(y) = 1 - 6 + 0*y - 2*y - y. Suppose 4*m = 3*k + 9 - 8, 0 = 4*k + 3*m + 43. Give n(k).
16
Let l(u) be the second derivative of u**3/3 + u**2 + 10*u. Let p be -1*(2 - 1 - -2). Let s(d) = -2*d - 4. Let i be s(p). Calculate l(i).
6
Suppose 0*i - 12 = -2*j - 3*i, -3*j - 8 = -2*i. Let b(f) be the second derivative of j + 6*f - 1/12*f**4 + 3/2*f**2 - 1/3*f**3. Give b(-4).
-5
Let i(l) be the first derivative of -4*l**3/3 + 2*l**2 - 3*l - 1. Suppose 38*x - 86 = -10. Give i(x).
-11
Let p = -6 + 11. Suppose -4*r = 1 - p. Let t(w) be the second derivative of -11*w**3/6 - 192*w - 1. Calculate t(r).
-11
Let u(q) be the third derivative of 7*q**6/60 - q**5/30 - q**4/12 - q**3/6 + 17*q**2. Let m(g) = -1 + 8 - 11 + g - 1. Let j be m(4). Calculate u(j).
-15
Let f(k) = -14*k**3 - 7*k - 6. Let a be f(-1). Let g(c) = -c + 19. Determine g(a).
4
Let g(k) = -174 + 103 - k + 93. What is g(0)?
22
Let p(v) = -3*v**2 - v**2 + 3*v**2 - 56*v + 4 + 54*v. Suppose -f + 3*o = 18, -3*o + 25 = 2*o. Calculate p(f).
1
Let y(f) = -9*f**3 - 2*f - 3. Suppose 882 = -11*u + 871. Determine y(u).
8
Let b(l) = -l + 10. Let i be -87 - (3 + 2 + -5). Let n = 87 + i. Calculate b(n).
10
Let n(z) be the first derivative of 5*z**2/2 - 6*z - 96. What is n(6)?
24
Let c(z) = -z**2 + 9*z - 16. Let t be c(4). Let b(p) = 5*p**2 - 5*p - 8. Let n(l) = -9*l**2 + 9*l + 17. Let g(k) = t*n(k) + 7*b(k). Give g(0).
12
Let a(o) = o - 1. Let k(s) = s**3 - 14*s**2 + 2*s - 21. Let f be k(14). Suppose 23 = 2*h - t + 6*t, -2*h + 5*t = f. Suppose -h + 10 = 6*x. Determine a(x).
0
Suppose 3*n + 3*f = 18, 3*f + 0*f = 5*n - 22. Let o be 1 + 2 + -6 + n. Let j(c) = -2 - 2 + 2 - c**o. What is j(-2)?
-6
Suppose -2*d = -6*d + 12. Let r(x) = 2*x - x**3 - 3*x - 3*x - 4 + d*x**2 + 3*x. What is r(3)?
-7
Let h(p) = 6*p - 3. Let l = -116 + 78. Let g be l/(-8) - (2 - 35/28). Give h(g).
21
Let s(p) = p + 11. Let v be s(-9). Let h(a) = 2 + a + a + v - a. Let d = 46 - 51. Calculate h(d).
-1
Let m(a) = 2*a - 21. Let u be m(0). Let n = u - -26. Let j(l) = -l**3 + 5*l**2 - 2*l + 7. Determine j(n).
-3
Let w = 3 - 2. Let o = -5 - w. Let i(d) = -d**2 + d. Let k(n) = -5*n**2 - 4*n - 3. Let u(y) = -4*i(y) + k(y). Give u(o).
9
Suppose -6*o + 16 = 4. Let m(y) = 0 - 3 + 2 - 2*y**o + 6*y + y**2. Let d be m(6). Let k(c) = 18*c - 1. Give k(d).
-19
Let o(l) = 5*l + 6. Let g be o(0). Let p(y) = y**3 - 6*y**2 + 2*y - 9. Calculate p(g).
3
Suppose -2*r - 16 = -24. Let f(q) = -5 - 7 + 7*q**2 - 4*q**2 - r*q**2 + 11*q. Give f(10).
-2
Suppose 0 = -2*m - 4*o + 2, -3*o = -4*m + 2*m + 2. Suppose 3*n - 4*n = m. Let x(a) = a. Calculate x(n).
-1
Let u(a) = -547 - 7*a**2 + 2*a + 548 - a**3 + 2*a**3. Calculate u(6).
-23
Suppose 4*l = -l + 15. Suppose l*v = -4*x + 2*v + 60, 0 = x + 4*v - 15. Let q(b) = -3*b**2 - 1 + x*b**2 - 2*b**2. Calculate q(1).
9
Suppose 4*b - 25 = -3*x, 4*x + b + 2 = 6*x. Let w(k) = 3*k**x + k - 203 - 2*k**2 + 0*k**3 + 203. Calculate w(1).
2
Let q(o) be the third derivative of -5*o**4/24 + 5*o**3/6 + 431*o**2. Determine q(3).
-10
Let s(g) be the third derivative of -g**4/24 + g**3 - 21*g**2 - 1. Determine s(7).
-1
Let l(i) = -i + 33. Suppose -87 = -11*s + 188. Calculate l(s).
8
Let w(r) = 5*r**3 - r. Let t be w(1). Let f(k) = -8*k**2 - 4. Let o(h) = -24*h**2 - 11. Let g(x) = t*o(x) - 11*f(x). Calculate g(-1).
-8
Let 